the third derivative of a**5/12 - a**4/12 - a**3/2 + 47*a**2. Let y be 4/(-5)*10/(-2). Is w(y) prime?
False
Suppose -21*r + 75 = -6*r. Suppose 4*c + 11736 = 4*w, r*c - 8812 = -3*w + 6*c. Is w a composite number?
False
Let y(v) = v + 1. Let m = 25 - 18. Let a be y(m). Is ((-2786)/10 - 1)*(-20)/a composite?
True
Let j = 2213 - 1355. Suppose -2*t = 2*t - 3*v - j, 3*t + 3*v - 654 = 0. Suppose 795 = l - t. Is l a composite number?
True
Let r(k) = -k**2 - 8*k + 29. Let h(g) = 3*g + 13. Let s be h(-8). Let v be r(s). Is (-20817)/18*v/6 composite?
True
Suppose 0 = 29*o - 140*o + 3338992 - 594961. Is o a composite number?
True
Suppose -5*z = 46*z + 128571. Let i(q) = -29*q**3 - 3*q**2 - 3*q + 5. Let d be i(-5). Let u = d + z. Is u composite?
False
Suppose -4*i = -0*i - 12. Let f be 0*(6*(-4)/(-8))/i. Suppose f = -2*n + 1074 + 232. Is n composite?
False
Suppose 2*q - 3*v - 1632889 - 23613 = 0, -2*v + 828223 = q. Is q a composite number?
False
Suppose 0 = -19*m - 12*m. Suppose -2*b + 53851 = 5*f, m = -68*f + 71*f + 3*b - 32307. Is f prime?
True
Suppose y = -4*g + 791, -960 = -4*y - 5*g + 2182. Let o = y + 239. Suppose -b = -3*k + 6*k - 266, -2*k - o = -4*b. Is b a composite number?
False
Let c(o) = 15*o - 23. Let k(w) = -w**3 - 2*w**2 + 2*w - 3. Let j be k(0). Let t be 8/j*(-63)/28. Is c(t) a prime number?
True
Let c(g) = 3 + 429*g**2 - 123*g**2 - 3 - 3*g - 2. Let l be c(2). Let n = l + -425. Is n a composite number?
True
Is 423/47 - (-3 - 5*-2) - -310701 a prime number?
False
Suppose -m + 2 = -0*m. Let d(u) = m + 226*u + 114*u + 8*u. Is d(2) prime?
False
Suppose 0 = l - 3*h, -5*l + 5*h + 19 = 9*h. Suppose 4*r - 5347 = -5*a + 7*r, 0 = -l*a - 3*r + 3189. Is a a prime number?
False
Suppose 5*d + 3*c = 24, c + 0*c = 5*d - 12. Suppose r = 2*g + 2613, -2*g - d*g + 13035 = 5*r. Is r composite?
False
Let f be 24/36*6/(-4)*-2. Suppose -3*c + x + 7 = 0, f*c = -0*x + 5*x - 17. Suppose c*t - 1530 - 3602 = 0. Is t a composite number?
False
Is (2/3)/((-198)/(-13190661)) a composite number?
True
Suppose 0 = f + 23 - 34. Suppose f - 1125 = -w. Suppose 0 = -p - p + w. Is p a composite number?
False
Is (-138)/(-21) + 132/(-231) - (-1 + -74586) composite?
True
Let f(c) = -26*c + 5. Let h be f(0). Let a(r) = r**3 + 4*r**2 - 5*r + 4. Let w be a(-5). Suppose -h*q + 2 = -4*q, -4*q - 80 = -w*y. Is y composite?
True
Let f be (385/(-15))/((-1)/(-24)). Let d(m) = -4*m**2 + 22*m - 3. Let v be d(11). Let j = v - f. Is j a prime number?
False
Suppose -102*b = -15*b - 4054983. Is b composite?
True
Let z(h) = 110*h**2 + 40*h + 1613. Is z(-29) composite?
True
Let g(a) = 1691*a + 29. Let v be g(4). Suppose 0 = c + 2*f - v, 3*c - 6*f - 20429 = -2*f. Is c composite?
False
Let r = -9462 - -18551. Is r prime?
False
Let i = -861967 + 1367444. Is i prime?
False
Suppose -308 = -4*z + 96. Suppose -r - z = 80. Let u = r + 468. Is u composite?
True
Suppose -56766 = 9352*w - 9354*w. Is w composite?
True
Let k = 286 - 274. Let r(p) = -p**3 + 24*p**2 + 15*p + 15. Is r(k) prime?
False
Let f be (-9)/(-6) + 5/(-4 - -14). Let v(o) = 144*o**2 + 5*o - 6. Let l be v(f). Let t = 258 + l. Is t prime?
False
Suppose -325 = 2*k - 5769. Suppose -258 = -4*x + k. Is x composite?
True
Let p be (-1)/((1/(-393))/((-3)/(-9))). Suppose -p*v + 126*v + 6085 = 0. Is v a composite number?
False
Is -2 + 1021*((-768)/(-4) + 6 + 1) a prime number?
False
Suppose 4*o - 967954 = -5*i, 2*i - 32*o = -33*o + 387184. Is i prime?
False
Let i(a) = 45*a**2 - 5*a - 61. Is i(-7) prime?
True
Suppose 0 = 2*i + 77 - 39. Let r = i - -21. Is (-48 + 2/r)*-7 composite?
True
Is (-8929532)/(-413) - (-2)/(-14) a prime number?
False
Suppose -27*n + 202751 = n - 222093. Is n a prime number?
True
Let b be (4/(-6))/(3 - 543424/181140). Suppose o + b = 11*o. Is o a prime number?
True
Let w(c) be the first derivative of c**3 + 14. Let j be w(-1). Suppose j*f = f + 446. Is f composite?
False
Let u be ((-24)/(-9))/(12/18). Suppose 2*h - 3*c = 5*h - 24, -u*h - c + 17 = 0. Is (-7)/(-21) - (-482)/h a composite number?
True
Let g(h) = h**3 + 8*h**2 - 3*h - 20. Let s be g(-8). Suppose 0 = s*d - 14*d + 28590. Is d prime?
False
Suppose -9*l + 3092438 = -1750615. Is l a composite number?
False
Let c = 593294 + -323497. Is c a composite number?
True
Suppose -5*c = -4*p + 72102 - 19342, -4*c = -4*p + 42204. Let g = c - -24035. Is g a composite number?
True
Suppose -3*o + 23 = 2*z, 27 = -z + 4*z + 3*o. Suppose -z*t - 5*f + 21 = 0, 2*f - 14 + 4 = 0. Let g(n) = -192*n - 1. Is g(t) a prime number?
True
Let j(r) be the first derivative of -r**2 - r - 15. Let k be j(0). Let y(w) = -6006*w**3 - w**2 - w - 1. Is y(k) a composite number?
True
Let g be 1/(-1)*(-409 + -12). Suppose 0 = t - g - 668. Suppose 2*p - 4*b - 240 = 470, -3*p + t = 2*b. Is p composite?
True
Let v = 15104 + 3485. Is v composite?
True
Suppose 7756*b = 7734*b + 2508770. Is b a prime number?
False
Suppose 0 = -4*r + 78561 + 18467. Is r a composite number?
True
Is -6 - -62359 - -5 - (18 + -17) prime?
False
Suppose 38 = 11*y - 83. Suppose -y*c = -12*c + 1061. Is c prime?
True
Let r(a) = -a**2 - 4*a + 14. Let j be r(-5). Is 1889*(-21)/(-27) - 2/j composite?
True
Suppose 0 = 2*w - 14, 2*c + 21*w = 26*w + 204683. Is c composite?
False
Suppose 4*x = -36 + 48. Let f be (-1 + 831)*(-6)/((-18)/x). Let z = f + 104. Is z prime?
False
Let p(z) = -900*z + 467. Is p(-10) prime?
True
Suppose 7*t + 683 = 193. Let n = t + 73. Is (-1052)/((3 - n) + -2) a prime number?
False
Let n(d) = 9*d**2 + 10*d + 3. Let a be n(-1). Let q(b) = 17*b**2 + 2. Let i be q(2). Suppose -4*j + i = -a*j. Is j a composite number?
True
Suppose -5*s + 1962 = 3*c - 1638, 5*c - 3*s - 6000 = 0. Let j = 4239 - c. Is j composite?
True
Let f(w) = 3373*w**2 + 263*w + 223. Is f(22) composite?
True
Suppose -16*y - 26640 = -1086976. Is y prime?
True
Let b(s) = -757*s - 1. Let z = 10 + -7. Suppose 0 = -8*k + z*k - 10. Is b(k) composite?
True
Suppose 3*a - a = -i - 432, -5*a = i + 1080. Let x = -194 - a. Is x a composite number?
True
Suppose -279576 = -2*a - 2*i, -a + i + 32889 + 106901 = 0. Is a prime?
False
Let y = -55 - -57. Suppose 0 = -2*a - 4*i + 250, -2*i - 247 = -y*a - 5*i. Suppose -4*r - a = -2035. Is r a composite number?
False
Suppose 2*s = -4*q - 3*s + 37, 4*q - 4*s + 8 = 0. Suppose -2*l + 15518 = 2*y + 3*l, q*l = -4*y + 31064. Is y a prime number?
False
Let g(s) = -10974*s + 2. Let q be g(-1). Suppose 5*b + 25181 = 2*c, b = -5*c + 52044 + q. Suppose 10*l - c = 7*l. Is l composite?
False
Let c(w) = w**3 + 11*w**2 - 24. Let m be c(-11). Is (-468560)/m - (28/12 + -2) composite?
True
Let w(h) = -7*h**3 - 46*h**2 - 5*h - 8. Let n be w(-9). Suppose -56*g - n = -58*g. Is g prime?
False
Let w(s) = -57*s - 34. Let f be w(-9). Suppose -l + 1434 = -f. Is l prime?
True
Suppose -4*j + 3*j = 4. Let f(i) = 2*i + 5. Let q be f(j). Is (-10231)/(-39) - 2/q prime?
True
Let m = -248 - -158. Let x = m + 173. Let n = x - -2234. Is n composite?
True
Let r be (-6)/(-39) + (-1)/((-91)/845376). Let k = 8121 + r. Is k a prime number?
False
Let i(r) = 32*r**2 - 18*r**2 - 6*r + 36*r**2 - 10 - 3*r**2. Is i(9) composite?
True
Let u(g) = -288*g + 127. Let k = 228 - 237. Is u(k) a prime number?
True
Let s(u) = 745*u - 37. Let d(r) = 745*r - 37. Let g(f) = 5*d(f) - 6*s(f). Is g(-4) prime?
False
Let w = -359 + 355. Let c(h) = -h**2 + 3*h - 1. Let m be c(2). Is m*w + (5 - -54) a composite number?
True
Let n be ((-12)/(-3) + 4)*(-2)/(-4). Suppose 3*k = 4*m - 4410 + 95, -n*m + 4311 = k. Let u = m + -383. Is u a prime number?
False
Let y(k) = k**2 - 79*k + 15661. Is y(0) a prime number?
True
Let z be 1 - 1708*(-11)/2. Let d = z + -4696. Is d a prime number?
False
Let i = 4986 + -1443. Is i composite?
True
Let g be (16 + -1)*3447/27. Suppose -w + s + g = -s, 0 = 4*w - 3*s - 7675. Is w prime?
False
Let z be ((0/(-3 + 4))/2)/(-5). Suppose 5*c + 4*m - 55176 - 22359 = z, 46543 = 3*c - 2*m. Is c composite?
False
Let a = -252298 + 479775. Is a prime?
False
Let t(p) = -p**3 - 12*p**2 - 17*p - 19. Let o be 2945/171 + 2/(-9). Let g(l) = l**2 - 16*l - 31. Let s be g(o). Is t(s) a composite number?
True
Let d(s) = -s**3 + 2*s**2 + 2*s + 3741. Let r be d(0). Suppose 2*z + 593 = r. Is z composite?
True
Let s = 375 - 284. Suppose 101*g - s*g - 81230 = 0. Is g prime?
True
Let j = 78634 - 27475. I